 -212212001 + 1202?
-212210022
In base 12, what is 103b799 - -a?
103b7a7
In base 12, what is -991 + 40ba?
3329
In base 10, what is -81792 + -434?
-82226
In base 6, what is -24254120524 - -3?
-24254120521
In base 16, what is -66b + -4dc?
-b47
In base 15, what is -a36dbc - 7?
-a36dc4
In base 16, what is -1a + 8c0391?
8c0377
In base 6, what is -154102 + -234?
-154340
In base 3, what is 2 - -2010202110200?
2010202110202
In base 6, what is 13125 + 12131?
25300
In base 16, what is -1d27 - 20e2?
-3e09
In base 3, what is -1022121201210101 - 102?
-1022121201210210
In base 8, what is -1670451 + 54?
-1670375
In base 5, what is 10412210234 - 2?
10412210232
In base 2, what is -10 + 100001011010010100100001001?
100001011010010100100000111
In base 13, what is 26c - -66b3?
6952
In base 4, what is 11 - -1333131313312?
1333131313323
In base 8, what is 56242737 - 4?
56242733
In base 2, what is 0 - -1110001100110010010100?
1110001100110010010100
In base 10, what is -2 + -44679010?
-44679012
In base 16, what is -332a89 - -5a?
-332a2f
In base 14, what is 365a6 + -1b59?
3484b
In base 6, what is 4 - 4435244402?
-4435244354
In base 13, what is -c2 + -39c402?
-39c4c4
In base 13, what is -48397 + -4b?
-48415
In base 8, what is -60 + -1022456?
-1022536
In base 14, what is 426 - -2a6b0d?
2a7135
In base 10, what is 7820024 - 55?
7819969
In base 8, what is -30603 - 24714?
-55517
In base 13, what is -277 + 46cc?
4455
In base 10, what is 50 + 5707090?
5707140
In base 12, what is 123 - 312b0?
-31189
In base 5, what is 131024 - -112123?
243202
In base 9, what is -148 + -434373?
-434532
In base 10, what is -4 - -7463193?
7463189
In base 6, what is -4 + 1015013255?
1015013251
In base 10, what is -32737309 + 1?
-32737308
In base 15, what is 53 + 1030d6?
103139
In base 8, what is -5710064 - -14?
-5710050
In base 6, what is 3 + 1430343415?
1430343422
In base 16, what is 4b9ae1 - 5?
4b9adc
In base 11, what is -11 + -9320185?
-9320196
In base 8, what is -577 - -122116?
121317
In base 13, what is -7875b + 86b?
-77bc0
In base 15, what is 284d2 + ed?
285d0
In base 14, what is -294b946 - -c?
-294b938
In base 10, what is -734269 - 16?
-734285
In base 11, what is 16085 - -373?
16448
In base 15, what is -14 + -497dee?
-497e13
In base 8, what is -21063013 + -6?
-21063021
In base 10, what is 143 - 12205?
-12062
In base 13, what is 3b683 + -60?
3b623
In base 6, what is 422 + -15330420?
-15325554
In base 4, what is -210230 + 11332?
-132232
In base 14, what is -7a579a3 + -3?
-7a579a6
In base 10, what is -488637 - -1351?
-487286
In base 2, what is -101101 + -1111101111101?
-1111110101010
In base 3, what is 200010122111 - 102202?
200010012202
In base 14, what is ba6 - -110aa9?
111871
In base 3, what is -2021021001 - 111111?
-2021202112
In base 9, what is 1337823 + -313?
1337510
In base 10, what is -2 - 67566?
-67568
In base 12, what is -16850 - 3?
-16853
In base 10, what is 55003165 + 1?
55003166
In base 10, what is -24419 + -15863?
-40282
In base 3, what is -10020110212 - -221121?
-10012112021
In base 14, what is -1b2c89 - -108?
-1b2b81
In base 12, what is -4 + 3071146b?
30711467
In base 16, what is 3 + -2859ee?
-2859eb
In base 4, what is -1 - 11032310223?
-11032310230
In base 16, what is -60d9 - -3505?
-2bd4
In base 5, what is 1244433 - 11442?
1232441
In base 3, what is 10 + 220002120002?
220002120012
In base 7, what is 11342012 - -51?
11342063
In base 3, what is -21120211011 - 102112?
-21121020200
In base 4, what is -110133 - -201323330?
201213131
In base 3, what is 11220121011102 + 1202?
11220121020011
In base 16, what is -75 + -10c77?
-10cec
In base 15, what is -e4886 - -20d?
-e4678
In base 5, what is 11 - -44310040202?
44310040213
In base 16, what is -20ef1 + -1b?
-20f0c
In base 5, what is 10 + -124303104?
-124303044
In base 13, what is -3 + 2230633?
2230630
In base 3, what is -1210001111 - 120?
-1210002001
In base 7, what is 14 + 16612443?
16612460
In base 11, what is 1 - -38a5a260?
38a5a261
In base 11, what is -7 + 2a59267?
2a59260
In base 7, what is 10316632 + 2?
10316634
In base 3, what is -2122201102 - -22011012?
-2100120020
In base 2, what is 11001010001011001110 - 10011?
11001010001010111011
In base 16, what is -7442 - -8286?
e44
In base 9, what is -2 - -124530428?
124530426
In base 2, what is -1011 - 1111100101101010011111?
-1111100101101010101010
In base 3, what is -222000 - -1000010110?
222011110
In base 14, what is 3653 - -1251?
48a4
In base 4, what is 13 + -21131113011?
-21131112332
In base 5, what is -1 - 243230421433?
-243230421434
In base 9, what is -10 - 22444454?
-22444464
In base 4, what is -1011 + 1223003003?
1223001332
In base 7, what is -1402145350 + 6?
-1402145341
In base 8, what is -17727750 - -4?
-17727744
In base 3, what is 1000 - -210022211?
210100211
In base 16, what is -b + 1ea56?
1ea4b
In base 11, what is 472 - 12452?
-11a90
In base 10, what is -6 - -8761081?
8761075
In base 15, what is 21d - 389dc?
-387be
In base 10, what is -86 - -5961?
5875
In base 9, what is -57027367 + 1?
-57027366
In base 6, what is -3414 + 20223?
12405
In base 4, what is -22 - -22122120011?
22122113323
In base 5, what is 134340 + 203311?
343201
In base 10, what is -1355 - 2319?
-3674
In base 2, what is 10001110101101 + 100?
10001110110001
In base 11, what is -8 - -3793262?
3793255
In base 13, what is 12 - a6b21?
-a6b0c
In base 4, what is 320331001 - 211013?
320113322
In base 16, what is 2a - 1b486?
-1b45c
In base 9, what is 3121 + -751?
2260
In base 5, what is -1122232 + -44331?
-1222113
In base 6, what is 2433032 - -4?
2433040
In base 9, what is -3877532205 + 2?
-3877532203
In base 8, what is 321 - -121512?
122033
In base 15, what is -1 - -205729?
205728
In base 9, what is 0 + -26724382?
-26724382
In base 3, what is -2000201110220 + -12201?
-2000201200121
In base 7, what is 3543 - -20662?
24535
In base 16, what is -15 + 223b7?
223a2
In base 6, what is -222052 - 140400?
-402452
In base 12, what is 16b70 - -115?
17085
In base 6, what is 1 + -103430454?
-103430453
In base 4, what is -33323010300 + 1013?
-33323003221
In base 14, what is -127a2 + 27?
-12779
In base 12, what is -b - -5044039?
504402a
In base 13, what is -1190 + -3238?
-43c8
In base 7, what is -11 - -453231?
453220
In base 16, what is -5 + -6466a4b?
-6466a50
In base 8, what is -1001756 - -356?
-1001400
In base 13, what is 4b7b7c + 5?
4b7b84
In base 7, what is -363055255 - 21?
-363055306
In base 7, what is -11 - 10254133?
-10254144
In base 12, what is 2664 - a60?
1804
In base 10, what is -3 + -992952?
-992955
In base 7, what is 16643 + -1413?
15230
In base 3, what is 100202 + 1110111211000?
1110112011202
In base 11, what is -554aaaa6 - -1?
-554aaaa5
In base 7, what is -232 - 52204?
-52436
In base 15, what is 414aca + -b6?
414a14
In base 16, what is -796d - -16c7?
-62a6
In base 5, what is 3411010 - -203?
3411213
In base 14, what is -75768 - -15?
-75753
In base 2, what is -1010100110111001010010111 - -1001?
-1010100110111001010001110
In base 5, what is 1 + -1141441421?
-1141441420
In base 12, what is -22 - -1756261?
175623b
In base 12, what is -19 + 5862a?
58611
In base 14, what is 19a5 + -228d?
-6c8
In base 2, what is 10101011 + 11000001110001?
11000100011100
In base 16, what is -7b71 - -e69?
-6d08
In base 2, what is 101 - 110111100010101111110?
-110111100010101111001
In base 5, what is 4314240 - 1232?
4313003
In base 2, what is -100 + 101100111100110010010?
101100111100110001110
In base 13, what is 18a7 + -1695?
212
In base 9, what is 13 - -4744584?
4744607
In base 15, what is -d837 - -50?
-d7d7
In base 7, what is -5 + 265201546?
265201541
In base 7, what is -1 + 36663604?
36663603
In base 5, what is 421232 - 31233?
334444
In base 11, what is -27 - -1943912?
1943896
In base 2, what is -11001101111100 - -1110001000111?
-1011100110101
In base 12, what is -1327171 + -2?
-1327173
In base 16, what is -89d0ed - 19?
-89d106
In base 16, what is 2311b1 - 2?
2311af
In base 11, what is 55 - 163125?
-163080
In base 10, what is 8610915 + -5?
8610910
In base 11, what is -3a48 - 5819?
-9766
In base 14, what is 5 + -a0d1?
-a0ca
In base 2, what is -100101 + 1000000101111101010?
1000000101111000101
In base 14, what is -4a3d11 - 8c?
-4a3d9d
In base 6, what is 3315401 - -2520?
3322321
In base 10, what is 1278260 - -304?
1278564
In base 10, what 